(o).
-6
Let v = 412 + -401. Suppose -3*r = v*r - 2*r. Let i(m) = -m**2. What is i(r)?
0
Let u(o) = o**3 + 14*o**2 - 2*o**3 + 21 - 11*o - 3*o**3 - 3*o**2 + 3*o**3. Determine u(10).
11
Let v be (9/12)/(-6*(-1 - 5/(-8))). Let d(x) be the third derivative of 0 - 16*x**2 - 1/120*x**6 - 1/8*x**4 - 1/12*x**5 - v*x**3 + 0*x. Determine d(-4).
-6
Let h(t) = t**2 - 4*t - 5. Let x(u) = -8*u**2 - u. Let n be x(-2). Let a = n + 24. Let l be (9/11 + a/(-33))*6. What is h(l)?
7
Let q(b) = -75*b + 1821. Let k be q(24). Let l(n) = -3*n + 63. Determine l(k).
0
Suppose p - 52 = 5*y, 32*p = -2*y + 36*p - 28. Let g(d) = -10*d + d**3 + 5 + 5*d + 16*d + 11*d**2. Calculate g(y).
-5
Let b(m) = -3*m + 2. Let g(r) = -r**2 - 9*r - 15. Let v be g(-6). Suppose o = -v*o + 8. Suppose -4*d - n = -4, -6*d = -d - o*n - 18. Give b(d).
-4
Suppose -15*t + 4 + 611 = 0. Suppose -15 = -46*d + t*d. Let i(n) = 2*n**3 - n**2 - 3*n - 1. What is i(d)?
35
Let i(z) = -z**2 + 35*z - 214. Let v be i(8). Let n(m) = 4*m + 6 + v*m + 0*m - 5 + m. Determine n(-3).
-20
Let f(w) = 3 + 0*w**2 + 2 + 6*w**2 - 111*w**3 + 112*w**3 + w**2 + 7*w. Suppose -3*y = 11 + 7. What is f(y)?
-1
Let j(d) be the third derivative of -d**6/120 + 7*d**5/60 - 5*d**4/6 + 29*d**3/6 + 7367*d**2. Give j(4).
-3
Let p = 5505 - 5510. Let t(x) = x**3 + 5*x**2 - 9*x - 12. Calculate t(p).
33
Let f(y) be the second derivative of 7*y**3/6 - 19*y + 30. Let o be 3 + (-2 - (-3 + 1)). Give f(o).
21
Let a(k) = 6*k**2 - 8*k + 3. Let g(b) = 13*b**2 - 19*b + 7. Let m(z) = -5*a(z) + 2*g(z). Give m(2).
-13
Let h(z) be the first derivative of -z**4/4 + 19*z**3/3 + 19*z**2/2 + 18*z + 508. What is h(20)?
-2
Let k be 63/2*(-52)/(-78). Let r(h) be the third derivative of 1/60*h**5 - 1/6*h**4 + 0*h - 1/2*h**3 + k*h**2 + 0. Determine r(3).
-6
Let m = -83 + 92. Suppose m*w + 2 = 20. Let y(f) = 4*f**2 - 3*f + 3. What is y(w)?
13
Let b(l) be the third derivative of l**6/120 + l**5/6 + l**4/3 - 2*l**3/3 - 2*l**2. Suppose 0 = 179*v - 139*v + 360. Give b(v).
5
Let w(r) = -27*r**2 + 822*r - 1636*r - 8 + 824*r + 2*r**2 + 3*r**3. Determine w(8).
8
Let o(x) = 45*x**2 - 365*x + 7. Let s(q) = 19*q**2 - 181*q + 2. Let y(f) = -2*o(f) + 5*s(f). Calculate y(35).
-4
Let o(c) = -c - 3. Let x = -42 - -44. Suppose -5*r + 24 = -3*r + x*m, -2*r - 3*m = -29. Calculate o(r).
-10
Let y = 448 - 233. Let d be 1/(-7) - (y/(-35) - -1). Let o(i) = 2*i**3 + 2 - d*i**3 - 6*i**2 + 4*i**2. Give o(-2).
18
Let h be 2/(((-2)/2)/12). Let t(w) = -w**2 - 24*w - 10. Give t(h).
-10
Let n(k) = -k**3 - 3*k**2 + 3*k - 3. Suppose -174*j + 179*j - 25 = 5*p, -4*p = 3*j + 20. Calculate n(j).
-3
Let n(y) = -y**3 + 28*y**2 - 28*y + 39. Suppose 0 = 5*z + a - 130, -2*z + 98 = -3*a + 29. Give n(z).
12
Let o be 4 - (6/(-5))/(18/60). Suppose -4*k - 4*u - 20 = 0, -o = -5*k + u - 3. Let y(g) = 10*g**2 + k*g - g**2 + 5*g - 8*g**2 + 5. Give y(-4).
1
Let s(x) = 3576 + x + 3528 + 3554 - 10613. What is s(-15)?
30
Suppose -9 = -2*n - 0*n - r, 19 = 4*n + r. Suppose 0 = n*z - 70 - 245. Let i = z - 60. Let a(w) = w. Determine a(i).
3
Let o be 67 - 73 - 1/((-1)/(-2)). Let f(y) = 11*y**3 + 9*y**2 - 3*y - 6. Let d(i) = 7*i**3 + 6*i**2 - 2*i - 4. Let b(a) = o*d(a) + 5*f(a). Give b(-3).
-1
Let q(a) be the first derivative of -2*a**3/3 + 35*a**2/2 - 18*a + 3568. Calculate q(17).
-1
Let g(n) be the third derivative of -n**6/60 + n**5/15 + n**4/4 - 2*n**3 - 636*n**2. Determine g(4).
-52
Let t(o) = 0*o**2 + 1133 - 1122 - o**3 + 14*o - 4*o**2. Determine t(-5).
-34
Let w(n) = 4*n**3 + 17*n - 6 - 3*n**3 + 7*n**2 - 13*n. Suppose -282*i + 291*i = -54. Calculate w(i).
6
Let n be (-8)/6*(-288)/128. Let l be (1/n + -2)*54/(-30). Let f(u) be the first derivative of u**4/4 - 2*u**3/3 - 3*u**2/2 - 7. Give f(l).
0
Let w = -1/4022 - -7039/2011. Let c(q) be the second derivative of 33*q - w*q**2 + 4/3*q**3 + 0 - 1/12*q**4. Give c(8).
-7
Let b(n) be the first derivative of -n**3/3 + n**2/2 + 7*n - 4215. What is b(-7)?
-49
Let t(r) = -15*r + 33. Let n = -610 + 599. Let s(w) = 8*w - 17. Let h(q) = n*s(q) - 6*t(q). What is h(0)?
-11
Let b(v) = -v**3 - 15*v**2 + 74*v + 373. Let w be b(-18). Let l(u) = -u**2 + 12*u - 15. What is l(w)?
-28
Let w(k) = -k**3 - 14*k**2 + 14*k - 10. Let m(u) = -u**3 + 6*u**2 - 7*u + 27. Let r(v) = 5*v + 86. Let s be r(-16). Let c be m(s). What is w(c)?
5
Let c(x) be the third derivative of 0 + 0*x**3 + 41*x**2 - 1/60*x**5 + 13/24*x**4 - x. What is c(13)?
0
Let u(m) = m**2 - 8*m. Let j(f) = -2*f**3 - 24*f**2 + 28*f + 35. Let n be j(-13). What is u(n)?
9
Let u(z) = z**2 + 15*z - 1. Let y be u(-18). Let v = -55 + y. Let f(l) be the third derivative of l**5/30 + l**4/8 + l**3/2 - 3*l**2. Determine f(v).
5
Let y(v) = 189*v + 36. Let h(j) = -71*j - 12. Let t(g) = 8*h(g) + 3*y(g). Determine t(-3).
15
Let b = 3 + -2. Let g(m) = 43*m**3 + 8*m + 14. Let d(p) = 25*p**3 + 5*p + 8. Let s(r) = 5*d(r) - 3*g(r). Calculate s(b).
-5
Let i(n) = -49*n**3 - 6*n**2 + 7*n + 10. Let v(j) = 106*j**3 + 12*j**2 - 15*j - 21. Let u(y) = 13*i(y) + 6*v(y). What is u(-4)?
-32
Suppose 1231*f - 1238*f = -350. Suppose 37*z = 62*z - f. Let y(x) = x**3 - 2*x - 1. Calculate y(z).
3
Let u = -796 + 814. Let c(f) = 2*f**3 - 36*f**2 - f + 13. What is c(u)?
-5
Let j(g) = -4*g**2 - 21*g - 110. Let z(h) = -7*h**2 - 41*h - 202. Let w(d) = 11*j(d) - 6*z(d). Calculate w(8).
-6
Let j(g) = 2*g + 1. Suppose 14*n = 2*n + 60. Suppose -n*s - 100 = -9*s. Let u be (-3)/1 - (-125)/s. Give j(u).
5
Let b(k) = 2*k**2 + 21*k + 27. Let q be b(-9). Let c(a) = 2*a - 7. Let l be c(5). Let v(t) = q*t - t**l + 0*t**3 + 5*t - 4*t**2 - t + 1. Calculate v(-4).
-15
Let v(u) = 2 + u**3 - 5*u + 3 - 1 + 6*u**2. Let k(r) = -r**3 - 12*r**2 - 6*r + 49. Let j be k(-11). Calculate v(j).
34
Let u(t) = -t**3 - t**2 - 13. Let f be u(0). Let p(l) = -l - 621. Let i(j) = -608. Let z(b) = i(b) - p(b). Determine z(f).
0
Suppose -14 = 2*d - 20. Let v(w) = 2 - 15*w - d*w - 1 + 2*w. What is v(1)?
-15
Let a(z) = -1012*z + 2031. Let p be a(2). Let b(m) = -5*m + 62. What is b(p)?
27
Let b(c) = c**3 + 4*c**2 - 16*c - 21. Suppose 5*v + i + 28 = 0, -40 = 5*v - 91*i + 86*i. What is b(v)?
3
Let f(x) = -8*x - 71. Let a be f(-9). Let h(v) be the second derivative of -7*v**4/12 + v**3/6 - 72*v. What is h(a)?
-6
Let i(h) = -2*h**2 + 4*h + 48. Let y(w) = w**2 + 7*w - 1. Let v(g) = i(g) + y(g). Determine v(13).
21
Let d be ((-9)/6)/((-7)/14). Let w(x) = -1 + 6*x**2 - 39*x + 5*x + 12*x + 9*x - x**d + 9*x. Give w(5).
4
Suppose 3*m - 17 = -l, 0*l + 6 = 2*m + 2*l. Suppose m*q = 2*q - 20. Let u(b) = 3*b. Let p(j) = -j**2 + 17*j + 3. Let w(c) = -p(c) + 6*u(c). What is w(q)?
9
Let p(g) = -5*g**2 + 172*g - 181*g + 0*g**2 + 6*g**2 + 0*g**2 + 12. Calculate p(6).
-6
Let b be 56/(-35) + 2 - (1536/20)/(-8). Let j(q) = -q**2 + 9*q + 13. Calculate j(b).
3
Let w(i) = -1. Let y(t) = t - 3. Let s(n) = 3*w(n) - y(n). Let g(r) = -3*r - 2. Let m = 36 - 34. Let u(z) = m*s(z) - g(z). Calculate u(-5).
-3
Let i(s) = 148*s**2 - 4 - 3*s + 0*s - s**3 - 154*s**2. Let f be 2/(76/(-40) + 1 + 1). Suppose -5*t = -t + f. Give i(t).
-14
Suppose -16*n + 102 = -122. Let m(c) = c**2 - 6*c - 18*c + n*c + 2. Let s = 2 - -7. Determine m(s).
-7
Let f be ((40/(-15))/4)/((-10)/75). Let j be 4 + 1 + 136/(-17) + f. Let z(c) = -4*c + 1. Calculate z(j).
-7
Let z = -321 + 314. Suppose 4*y = -5*o - 17, -2*y + 0*y = 2*o + 6. Let n(g) = 6*g - 2*g**2 - g**2 - 9 + 4*g**y - 3*g. Determine n(z).
19
Let p be 19*12/171*(-6 - -3). Let x(b) = b**2 + 7*b - 5. Let g be x(-8). Let y(c) = 0*c**2 - 4*c**2 - c**3 + g - 7. Calculate y(p).
-4
Suppose -5*u - 25 = 0, -9*k + 7*k = -3*u - 27. Let m(g) be the third derivative of -1/8*g**4 - g**3 + 0*g - 5*g**2 + 0 - 1/120*g**6 + 7/60*g**5. Give m(k).
12
Let x(a) = -5*a + 2*a + a**2 - 4 - a. Let p be 98/(-6) - (20/(-4))/15. Let y be 2*2 - (p + 16). What is x(y)?
-4
Let u(q) = 19*q - 39. Let f(h) = -10*h + 21. Let a = -81 - -70. Let t(p) = a*f(p) - 6*u(p). Give t(7).
-25
Suppose h = -4*k + 14, -3*k - 4*h + 5 = -12. Suppose -3 - k = r. Let w(o) = -302*o**2 + 609*o**2 - 5*o - 302*o**2 + o**3 + 4. What is w(r)?
-2
Let d(i) = -3*i. Let k be d(-3). Let q(t) = 3*t + 92. Let p(a) = -34. Let r(b) = -3*p(b) - q(b). What is r(k)?
-17
Let l(y) be the second derivative of y**3 + y**2/2 + 113*y. Let k(t) = -9*t - 3. Let v(p) = -5*k(p) - 8*l(p). Let 